2 + 75. What is the units digit of y(q)?
0
Let w = 2 + -4. Let b be w - (2 + -2)/1. What is the units digit of 11/(-3)*(b + -1)?
1
Let r be (8/6)/(-2)*-9. Let l be -1 - -6*9/r. Let p = l + 9. What is the units digit of p?
7
Let o(b) = 28 + 6*b**2 + 21 - 10*b - 46. What is the units digit of o(4)?
9
Let u(b) = -3*b**2 - b + 3. Let v be u(-3). What is the units digit of (-6)/v - (-4776)/42?
4
Suppose 1 = 5*a - 14. Suppose -a*v + 5*u = 4, 4*u - 12 = 8. Suppose -v + 19 = 4*m. What is the units digit of m?
3
Let q = 65 - 40. Let j = q + -5. What is the units digit of j?
0
Suppose -70 = 4*t + 5*x, 4*t + 4*x - 7 = 5*t. Let h = 21 - t. What is the tens digit of h?
3
Suppose -118 = 8*c - 6*c. Let p = c - -98. What is the tens digit of p?
3
Let c(y) = -y**3 - 8*y**2 + 8*y - 13. Let t be c(-9). What is the units digit of t + 0 - 225/(-9)?
1
Let y(a) = 229*a + 111. What is the units digit of y(2)?
9
Let n = 48 - 115. Let f = -5 - n. What is the units digit of f?
2
Suppose -3*n - 11 = 2*q, 2*n = q - 2 + 4. What is the units digit of q/((-48)/572) + (-2)/(-6)?
8
Let x be 4 - ((-9)/(-3) - 18). Let j be (-3)/12 + (-68)/(-16). Suppose 0 = -j*r + x + 25. What is the tens digit of r?
1
Suppose 13*u = 48*u - 16275. What is the hundreds digit of u?
4
Suppose -5034 = -5*p + z, 3*p = 6*p + 3*z - 3006. What is the thousands digit of p?
1
Let i be (-2)/(-6) - (-159)/9. Suppose -w = w - i. Suppose 2*g = 5*g - w. What is the units digit of g?
3
What is the hundreds digit of (-3)/(-2) + (-22725)/(-18)?
2
Let h(d) = -2*d**3 - 12*d + 2088. What is the hundreds digit of h(0)?
0
Let r(k) = -k**3 - 21*k**2 + 16*k - 65. What is the tens digit of r(-25)?
3
Let b = 246 + -379. Let d = b - -315. What is the hundreds digit of d?
1
Suppose -5*o - 21 = -4*r + 7, -2*r + o = -14. Let s(b) = b**3 - 4*b**2 - b. What is the tens digit of s(r)?
4
Suppose 3*i - 9 = -0*i. Suppose v - 9 = -r - 0*r, i*r = 2*v + 2. What is the tens digit of 2 - (-1 - 32/r)?
1
Suppose -5*r + 130 = -0*r. Let q = 26 - r. Suppose q = -4*k + 56 + 24. What is the units digit of k?
0
Suppose -3 = p + 2*p. Let s be p/2 + (-2)/(-4). Suppose 4*o - 106 - 30 = s. What is the tens digit of o?
3
Let u = -199 - -607. What is the hundreds digit of u?
4
Suppose -10*p + 12 = -38. Suppose -3*s - f + p*f = -225, -2*s + f + 145 = 0. What is the tens digit of s?
7
Let j(t) = t**3 + 5*t**2 - t - 1. Let v(n) be the second derivative of n**4/12 + 5*n**3/6 + n**2 + 3*n. Let p be v(-3). What is the tens digit of j(p)?
1
What is the units digit of (18/(-6))/((-33)/3520)?
0
Let l = 509 + 112. What is the hundreds digit of l?
6
Suppose -2*h + 212 = 4*g, 0 = -2*g + 7*g + 2*h - 264. Let k = -15 - -19. Suppose 2*n - g = -3*t, -k*t + 53 = -2*t + 5*n. What is the units digit of t?
4
Let h(s) = -10*s**2 - 7*s + 1. Let p(g) = g**2 + g. Let c(a) = -h(a) - 5*p(a). Let n be c(2). Suppose -2*d + 3*d - n = 0. What is the tens digit of d?
2
Let m = 1827 - 933. What is the tens digit of m?
9
Let r(s) = -5*s - 8. Suppose 3*f - 4*t - 22 = 0, f + 2*t = 3*f - 12. Let p(n) = -n**3 + 1. Let k be p(f). What is the units digit of r(k)?
7
Suppose 5*b - 3*b = 2, 4*n - 5*b - 1163 = 0. Suppose -13*f + 9*f + n = 0. What is the tens digit of f?
7
Let b = 16 - 14. Suppose 5*t - 2 = s, -b*t + 4*s = 2*s - 4. What is the units digit of 61 - (-3)/12*t?
1
Let n = -60 - -210. What is the hundreds digit of n?
1
Let l be (-1 + -23)*(-28)/(-42). Let x(u) = u**3 + 16*u**2. Let o be x(l). Suppose 3*a + 3 = o, -p - 9 + 34 = 2*a. What is the tens digit of p?
2
Suppose -2*d - 1 + 7 = 0, 1119 = 3*x - 2*d. Suppose 5*g - x = -3*c, -3*c = -4*g + 2*c + 337. What is the units digit of g?
8
Let z(q) be the first derivative of q**5/20 - q**4/8 + 2*q**3 - 1. Let p(n) be the third derivative of z(n). What is the units digit of p(4)?
1
Let q = -992 + 1720. What is the units digit of q?
8
Let y be (-3)/(-9) - 1/3. Suppose y = -3*q + 5*m + 60, 9 = -0*m - 3*m. What is the units digit of q?
5
Let v(a) = -275*a + 162. What is the units digit of v(-3)?
7
Let j = 137 + 783. What is the hundreds digit of j?
9
Suppose -2*l = -2*f - 5*l + 7091, -2*f + 2*l + 7096 = 0. What is the tens digit of f?
4
Let a be -27 - ((-3 - 3) + 4). Let k = a + 29. What is the units digit of k?
4
Let j be (10/(-35))/((-2)/14). What is the tens digit of 42 + (-1*4 - (0 - j))?
4
Let p(w) = -111*w + 696. What is the tens digit of p(6)?
3
Let z(m) be the first derivative of 9*m**2/2 - 20*m - 18. What is the hundreds digit of z(15)?
1
Let g be (-549)/(2 + -3) + -1. Suppose 4*t + 2*y - g = 0, 5*t - 4*y - 389 = 2*t. What is the hundreds digit of t?
1
Let h(o) = 11*o**2 + 22*o + 5. What is the units digit of h(-6)?
9
Suppose 4*m = n - 1396, 0 = -3*n + 115*m - 110*m + 4209. What is the units digit of n?
8
Let j(u) = u**3 - 4*u**2 + 3*u + 3. Let l be j(3). Suppose -3*g = g - 5*f - 14, 3*g + l*f = -3. Suppose g - 31 = -b. What is the units digit of b?
0
Let q be (-70)/(-30) + (-2)/6. Suppose -q*h = -10*h + 1088. What is the hundreds digit of h?
1
Let r = -5 - -8. Suppose 2*n + n + 4*w = 108, 0 = -3*n - r*w + 111. What is the units digit of n?
0
Suppose -5*g = 2*r + 2535, 2*r - 5*g + 115 = -2370. Let m be (-1)/(-4) - r/20. What is the units digit of (m/3)/((-4)/(-4))?
1
Let f be 220/(-30) + 4/(-6). Let h(y) = -y**3 - 5*y**2 + 7*y + 19. What is the units digit of h(f)?
5
Suppose -5*j + 2*j = 3*f + 15, 2*f - j + 25 = 0. Let t(p) = -p**3 - 9*p**2 + 4*p - 7. What is the tens digit of t(f)?
5
Suppose f - 3022 = 431. What is the hundreds digit of f?
4
Let w(b) = 650*b - 93. What is the tens digit of w(3)?
5
Let w(s) = s**2 + 1. Let j be w(-1). Let p be ((-9)/6 + j)*-2. What is the units digit of (-27)/18*(-15 + p)?
4
Let m(a) = 2*a + 194. What is the units digit of m(13)?
0
Let k(n) be the third derivative of 17/24*n**4 + 5/3*n**3 + 1/6*n**5 + 0*n + 5*n**2 + 1/120*n**6 + 0. What is the units digit of k(-7)?
8
Suppose -1585 = -5*r + 300. What is the tens digit of r?
7
Let f(y) = 72*y + 11. Let m be f(16). Suppose -m = -5*s - 353. What is the units digit of s?
2
Suppose 12 = -4*x + 28, -2*u + 3*x = -214. What is the tens digit of u?
1
Let u be -22*(-2)/(1 + 3). Suppose u = 3*y - 25. What is the units digit of y?
2
Suppose 2*u + 44 + 58 = 0. Let a = u + 176. Suppose 40 - a = -4*n + 3*m, 3*n + 5*m - 42 = 0. What is the units digit of n?
9
Let s(c) = 1177*c**2 - 32*c + 65. What is the units digit of s(2)?
9
Let v be (9/18)/(1/16). Let c be v - 3/(-9)*-9. Suppose -c*l - 2*q = -158 - 23, -45 = -l + 4*q. What is the tens digit of l?
3
Let j be (-2 + 6)/(-2)*2. Let u = 14 + -53. Let c = j - u. What is the tens digit of c?
3
Let b = 344 + 307. What is the hundreds digit of b?
6
Let g(l) = -l - 8. Let p be g(-8). Suppose p = -5*m + 2 - 42. Let z(v) = -v**3 - 8*v**2 + v + 11. What is the units digit of z(m)?
3
Let b = 2102 + -725. What is the units digit of b?
7
Let x(v) = -106*v - 31. What is the tens digit of x(-3)?
8
Suppose 12*l = 10*l + 4. Let a(z) = 2 - l*z**3 - z - z + 4*z. What is the units digit of a(-2)?
4
Let n(w) = w**2 - 13*w - 11. Let g be n(13). Let l = 12 + g. What is the units digit of 41 + (l - 2)*-2?
3
Let a be (13/2)/(5/10). Suppose u + 3 = q - 2*u, -q = -u - a. What is the tens digit of ((-3)/2)/((-1)/q)?
2
What is the hundreds digit of ((-6)/(-10))/((4 - 3)/470)?
2
Let u(d) be the first derivative of 5*d**4/4 + d**3/3 + d - 7. What is the units digit of u(2)?
5
Let v(p) = 3*p**2 + p - 46. What is the tens digit of v(-7)?
9
Let j(a) = -a**2 - 7*a - 6. Let i be j(-5). Let h be 1 + (33/44)/(6/16). Suppose -i*s - 45 = -2*q + q, -148 = -h*q - s. What is the units digit of q?
9
Suppose 3*t - t + 50 = -5*w, -5*t + 5*w - 55 = 0. Let b be (1 + (-3 - 2))*t. Suppose 0 = 4*o - 4*f - 64, 0*o = 5*o - f - b. What is the units digit of o?
1
Suppose 6 = 5*t + 3*q - 15, -2*t + 8 = q. Suppose 3*j = t + 3. Suppose -26 = -j*u + 94. What is the units digit of u?
0
Suppose -4*l = 7 - 27. Suppose i = -5*r - 14, -23 = i + i + l*r. Let h(w) = w**3 + 10*w**2 + 3*w - 10. What is the units digit of h(i)?
4
Suppose 8*h - 2320 = 576. What is the hundreds digit of h?
3
Let j(h) = -2*h - 8. Let q be j(-6). Suppose q - 7 = -a. What is the units digit of 32/7 + a/7?
5
Let x(k) = -k - 4. Let y(p) = -3*p - 8. Let n(w) = 10*x(w) - 4*y(w). Let q be n(9). Let v = q 